multiple of 94?
True
Does 168 divide 12947928?
True
Does 227 divide 553462703?
False
Does 119 divide 32245226?
False
Is 753048 a multiple of 18?
True
Does 6 divide 4933830?
True
Does 2730 divide 60720660?
True
Is 18692995 a multiple of 1512?
False
Is 4588989 a multiple of 29?
True
Does 10 divide 3408700?
True
Is 2030202822 a multiple of 1932?
False
Is 412431810 a multiple of 29?
False
Is 2 a factor of 415896160?
True
Is 39 a factor of 8011617?
False
Is 293 a factor of 2602344546?
True
Does 421 divide 396552951?
True
Is 79268994 a multiple of 1071?
True
Is 4990 a factor of 2595898825?
False
Is 151908856 a multiple of 88?
True
Is 46185079 a multiple of 176?
False
Is 599 a factor of 12735339?
True
Does 12 divide 2950665096?
True
Is 165 a factor of 31448835?
True
Does 114 divide 490167622?
False
Does 956 divide 121809527?
False
Is 275167148 a multiple of 2023?
False
Does 3 divide 20205022?
False
Is 15247082 a multiple of 1786?
True
Is 461803820 a multiple of 47?
False
Is 49344449 a multiple of 11?
True
Is 983 a factor of 1790769437?
True
Is 29717243 a multiple of 4?
False
Is 158972226 a multiple of 22?
False
Does 5 divide 128399331?
False
Is 25 a factor of 92857400?
True
Does 47 divide 137248601?
True
Is 754409 a multiple of 2176?
False
Is 42632473 a multiple of 13?
True
Is 5 a factor of 39628034?
False
Is 237 a factor of 4976315?
False
Is 4 a factor of 360247444?
True
Is 63685704 a multiple of 6?
True
Is 166995239 a multiple of 643?
False
Is 49193501 a multiple of 49?
True
Is 7833 a factor of 2251603683?
True
Is 2500254400 a multiple of 1120?
True
Does 44 divide 28587696?
False
Does 14 divide 572425028?
True
Does 186 divide 388878936?
False
Does 3041 divide 141281819?
True
Is 15 a factor of 217595917?
False
Is 248033396 a multiple of 4?
True
Is 90194654 a multiple of 367?
True
Is 19362321 a multiple of 701?
True
Does 1699 divide 1603856?
True
Is 207811972 a multiple of 13?
False
Is 8210059 a multiple of 1746?
False
Is 18 a factor of 15286446?
True
Is 691724396 a multiple of 1878?
False
Is 2490780763 a multiple of 1656?
False
Is 65594513 a multiple of 1313?
False
Is 577 a factor of 45697375?
False
Is 21301379 a multiple of 11?
True
Does 35 divide 36205785?
True
Is 9 a factor of 5255586?
True
Is 7 a factor of 4587352?
True
Is 37 a factor of 385293469?
True
Is 1049 a factor of 362339286?
True
Is 15 a factor of 84194794?
False
Does 88 divide 135132853?
False
Is 288 a factor of 76710240?
True
Is 2225 a factor of 576626550?
True
Is 12 a factor of 4684258020?
True
Is 70 a factor of 21834231?
False
Is 44765472 a multiple of 12?
True
Is 15153674 a multiple of 13?
False
Is 19175345 a multiple of 59?
False
Is 2 a factor of 6243345?
False
Is 10 a factor of 196995061?
False
Is 7290945 a multiple of 2385?
True
Is 195 a factor of 14237925?
True
Is 22 a factor of 1071329050?
True
Does 4 divide 1300364132?
True
Is 61 a factor of 121541463?
True
Is 10 a factor of 25728910?
True
Does 6673 divide 2346964381?
False
Does 4693 divide 209769723?
False
Is 14 a factor of 418018538?
True
Is 503344527 a multiple of 50?
False
Is 270936 a multiple of 6?
True
Is 95387930 a multiple of 55?
True
Is 143016574 a multiple of 1769?
True
Does 122 divide 449931219?
False
Does 7 divide 1060755682?
True
Does 615 divide 687649718?
False
Is 57 a factor of 397268340?
True
Is 11 a factor of 1996697923?
True
Does 74 divide 16065104?
True
Is 13 a factor of 13152177?
False
Is 6 a factor of 220698022?
False
Is 3446550 a multiple of 230?
True
Is 151960972 even?
True
Does 533 divide 85531576?
True
Is 34742015 a multiple of 77?
True
Is 349 a factor of 66361652?
True
Is 102 a factor of 17361318?
True
Does 485 divide 794559010?
True
Does 3473 divide 28673088?
True
Is 587 a factor of 14005233?
True
Is 21 a factor of 815236753?
False
Does 577 divide 229921806?
True
Is 91534605 a multiple of 3?
True
Does 87 divide 15311593?
False
Is 21642060 a multiple of 121?
True
Does 20 divide 1880335640?
True
Is 1304093409 a multiple of 356?
False
Is 2799148872 a multiple of 17?
True
Does 80 divide 123802160?
True
Does 125 divide 10790750?
True
Does 35 divide 89575836?
False
Does 212 divide 1597194512?
False
Is 6052669 a multiple of 4?
False
Does 53 divide 2177446117?
True
Is 39 a factor of 2402174006?
False
Is 8245 a factor of 3873022790?
True
Is 1287163976 a multiple of 2371?
False
Does 2 divide 7602912?
True
Does 1144 divide 7336912?
False
Is 2986 a factor of 3197665596?
True
Does 41 divide 157248972?
False
Is 583 a factor of 24546265?
False
Does 782 divide 287831886?
False
Is 38 a factor of 30298726?
False
Does 2333 divide 166541205?
True
Is 8022921 a multiple of 770?
False
Is 1320 a factor of 743979720?
True
Is 15 a factor of 454627263?
False
Does 101 divide 4477128?
True
Is 339005670 a multiple of 51?
True
Is 409 a factor of 611100397?
True
Is 3221 a factor of 3441803682?
False
Is 11 a factor of 909528185?
False
Is 153 a factor of 75794073?
False
Is 6933800 a multiple of 40?
True
Does 22 divide 7816952?
True
Is 1343323586 a multiple of 22?
True
Is 2103759322 a multiple of 5716?
False
Is 1578 a factor of 28168878?
True
Does 41 divide 10485583?
False
Is 3 a factor of 12764656?
False
Does 15 divide 534201409?
False
Does 186 divide 2326639776?
True
Does 1079 divide 1636935772?
False
Is 45 a factor of 14040045?
True
Is 38 a factor of 52290222?
False
Does 15 divide 2585671095?
True
Does 96 divide 566496?
True
Is 3216050810 a multiple of 8015?
True
Is 126045920 a multiple of 908?
False
Does 267 divide 308059714?
False
Is 138946932 a multiple of 1548?
True
Is 20257246 a multiple of 116?
False
Does 1507 divide 76486278?
True
Is 37 a factor of 1816959?
True
Does 213 divide 16480449?
True
Is 29511234 a multiple of 18?
True
Does 1792 divide 92998663?
False
Is 3617595 a multiple of 19?
False
Does 480 divide 387026880?
True
Does 38 divide 1962291424?
True
Is 2136 a factor of 375374908?
False
Is 1102 a factor of 10017508?
False
Is 141578970 a multiple of 355?
True
Does 136 divide 123362291?
False
Does 7058 divide 78411898?
False
Is 223 a factor of 27823487?
True
Does 100 divide 7740621?
False
Does 6 divide 22706143?
False
Is 4791 a factor of 31026516?
True
Does 15 divide 40315740?
True
Does 231 divide 5561852?
False
Is 587 a factor of 280193297?
True
Is 178 a factor of 71487345?
False
Is 53 a factor of 483271247?
False
Is 802 a factor of 940792481?
False
Does 21 divide 3366532741?
False
Does 48 divide 9983232?
True
Is 21 a factor of 49077378?
True
Is 1616 a factor of 52352150?
False
Is 10563077 a multiple of 2329?
False
Is 2134866806 a multiple of 2998?
True
Is 220629705 a multiple of 215?
False
Is 3279 a factor of 171331029?
True
Is 479905788 a multiple of 4124?
False
Is 268 a factor of 531946984?
False
Does 1479 divide 985182606?
True
Does 5 divide 18746700?
True
Is 25421678 a multiple of 251?
False
Does 3 divide 69856643?
False
Does 592 divide 2089642509?
False
Is 146 a factor of 495073891?
False
Is 39894050 a multiple of 139?
False
Is 536735280 a multiple of 23?
False
Does 9 divide 502228611?
True
Is 305 a factor of 9464455?
True
Does 13 divide 149810375?
True
Is 1140 a factor of 197450378?
False
Is 132 a factor of 7344201?
False
Is 99 a factor of 159797286?
True
Is 2217120 a multiple of 149?
True
Is 29 a factor of 531464701?
True
Is 40273012 a multiple of 4?
True
Is 37 a factor of 33696566?
True
Does 1273 divide 781638843?
False
Does 278 divide 34102538?
True
Is 244 a factor of 148217800?
True
Is 2672 a factor of 987237200?
True
Is 156 a factor of 52298841?
False
Is 214 a factor of 358362380?
False
Is 3232882083 a multiple of 274?
False
Does 16 divide 49590029?
False
Does 1009 divide 118378873?
False
Is 177 a factor of 425241255?
False
Is 95 a factor of 16928050?
True
Does 22 divide 161041034?
True
Does 159 divide 48363951?
False
Is 1068783345 a multiple of 315?
True
Is 408 a factor of 8259144?
True
Does 28 divide 1129632?
True
Does 1113 divide 226814410?
False
Does 10 divide 13532350?
True
Is 7 a factor of 1510621?
True
Does 12 divide 22416876?
True
Is 26 a factor of 352596082?
False
Does 195 divide 256759815?
True
Is 32 a factor of 58178624?
True
Is 359818879 a multiple of 2106?
False
Is 20337663 a multiple of 149?
False
Is 1641479504 a multiple of 11?
False
Is 949299549 a multiple of 29?
False
Is 20240712 a mul